/(-16). What is the greatest common divisor of 23 and h?
23
Suppose 28*y - 34*y = -42. What is the highest common factor of 1 and y?
1
Suppose -4*t + 0*q + 857 = -3*q, 5*q = 4*t - 863. Calculate the highest common divisor of t and 53.
53
Let g(h) = -h + 14. Let a be g(13). Suppose a = 4*b + 2*m + 5, m = 0. Let j be -7 - (-5 - b) - -18. Calculate the highest common factor of j and 5.
5
Let l(f) = 76*f**2 - 5*f - 4. Let c be l(-1). What is the highest common factor of 11 and c?
11
Suppose -729 = -780*d + 771*d. Calculate the highest common factor of 189 and d.
27
Let k be ((-14)/77 + (-24)/(-11))*76. What is the highest common factor of k and 57?
19
Suppose -k - 3*k + 28 = 0. Suppose -3*b - 24 = -k*b. Let c be b*(-3)/((-6)/2). Calculate the highest common divisor of 18 and c.
6
Let l(b) = b**3 - 7*b**2 - 2. Let z be l(7). Let k = z + 4. Let m be -5*((-2 - k) + 3). What is the highest common divisor of 25 and m?
5
Let p = -89 + 107. Let g(x) = 2*x + 4. Let c be g(p). Calculate the greatest common factor of c and 24.
8
Suppose 7*p - 2*p = -3*c + 2, 3*p - 14 = -5*c. Suppose -s - d = -27, -d + 4*d = c*s - 73. Calculate the greatest common divisor of 88 and s.
22
Suppose -13 = -j - 3*q, 2*j + 0*j + 4*q = 28. Let f = -15 - -21. Suppose f*v - j = 5*v. Calculate the greatest common divisor of v and 2.
2
Suppose 39 - 31 = 2*f. What is the highest common factor of f and 2?
2
Let m(l) = 33*l. Let b be m(3). Let d = b + -27. What is the greatest common factor of d and 18?
18
Suppose -103*f = -89*f - 196. Calculate the highest common divisor of 322 and f.
14
Let j be (34110/(-22))/(-3) - 2/(-11). Calculate the highest common divisor of 11 and j.
11
Let k(s) = 4*s**2 - 2 - 2*s - s**2 + 5*s**2 - 4*s**2. Let y be k(-2). What is the highest common factor of y and 63?
9
Let k(z) = z + 9. Let n be k(7). Suppose 0*u - 3*u + 4*o = -238, -2*u - 3*o + 153 = 0. Let l = u - 54. Calculate the highest common factor of n and l.
8
Let j be 1*-1*1 + 145. Suppose -2*x - 21*a = -17*a - 20, 2*x + 3*a = 24. Calculate the greatest common divisor of j and x.
18
Let r be 2/8 - 117/(-12). Let f be 4/r + (-13)/(-5). Suppose 5*a = a + 2*l + 118, 5*a - 120 = -3*l. Calculate the greatest common divisor of a and f.
3
Let z be 7/(-49) + 1/7. Suppose -a = -1, 5*h - a - 2158 + 469 = z. Suppose -h = -4*o + 202. Calculate the greatest common divisor of 15 and o.
15
Let n be ((-16)/20)/(-2)*5. Suppose 0 = -2*c + 2*i - 522, -5*c + n*i = -0*c + 1314. Let y be 5/((-20)/c) + -3. What is the highest common factor of y and 7?
7
Let c = -173 - -186. What is the highest common factor of c and 52?
13
Suppose 54*p - 50*p = 20. Suppose p*n + 6 - 17 = 3*s, 3*n + 5*s = 27. What is the highest common factor of n and 12?
4
Suppose 76*z - 80*z + 336 = 0. Calculate the highest common factor of 1148 and z.
28
Let x be ((-5)/(-5))/(1/7). Let i be (1 - x)*(-21)/6. Let r(v) = -v**3 + 13*v**2 - 10*v + 7. Let l be r(7). What is the highest common factor of l and i?
21
Let y(u) = 15*u**2 + 28*u + 8. Let o be y(4). What is the greatest common factor of o and 280?
40
Let t be 5 + (-250)/(-5) - -4. What is the highest common factor of t and 413?
59
Suppose 3*j - 2*r - 23 = 0, -32 = -20*j + 16*j + 2*r. What is the highest common divisor of 144 and j?
9
Suppose -1087 = -25*k - 87. Calculate the highest common factor of k and 540.
20
Let z(a) = -a**2 - 11*a + 316. Let w be z(-20). Calculate the highest common divisor of 17 and w.
17
Let y be 218/6 + (-4)/(-6). Let v = -1729 - -2025. What is the greatest common divisor of y and v?
37
Suppose 5*n - 35 = -2*w + 129, 3*n = 4*w + 88. Calculate the greatest common factor of 944 and n.
16
Let n = 208 + -146. Calculate the highest common divisor of n and 93.
31
Suppose -3*f = -46 - 35. Let a = f + -16. What is the highest common divisor of a and 55?
11
Let r = 21 - -63. Let x be (-6)/((-6)/(-5)) - -26. What is the greatest common factor of r and x?
21
Suppose 248 = 6*h - 868. Let x be 0 + (0 - -2) + 1. Suppose -2*t + x*y + 144 = 0, -h = -3*t - 6*y + 3*y. Calculate the highest common divisor of 6 and t.
6
Suppose p + 140 = 6*p. Let x be ((-6)/4)/((-3)/4). Suppose 5*s + 2 = u, 5*s + 10 = x*u + 1. Calculate the greatest common divisor of p and u.
7
Let j = -248 + 303. What is the highest common divisor of 1155 and j?
55
Suppose 4*b + 16 + 8 = 0. Let l = b - -18. Suppose 8*o + 31 - 175 = 0. What is the greatest common divisor of o and l?
6
Let b = 25 - 19. Let x be ((-24)/22)/(10/(-275)*5). What is the greatest common factor of x and b?
6
Let l(t) = -t**3 - 6*t**2 + 13*t - 14. Let b be l(-8). What is the highest common factor of 190 and b?
10
Let k = -18 + 21. Suppose 0 = -5*q + k*o + 21600, 2*q = 7*q - 5*o - 21600. Let n be 2/7 + q/70. Calculate the greatest common factor of 93 and n.
31
Let w = 1900 + -1276. Calculate the highest common divisor of 84 and w.
12
Suppose -101 + 26 = -5*z. Suppose 9*c + 480 = z*c. What is the highest common divisor of 20 and c?
20
Suppose 0 = 2*i + 1 - 3. Let l(p) = 5*p**3 + p**2 - p. Let y be l(i). Suppose -410 - 140 = -y*x. What is the highest common factor of x and 10?
10
Let a(c) = c**3 + 4*c**2 - 6*c + 1. Let v be a(-5). Suppose b = -v*b + 1232. Calculate the greatest common divisor of b and 22.
22
Let j(r) = r**2 - 6*r + 2. Let v be j(6). Suppose 28 = v*h + 2*h. Suppose 7 = a - h. What is the highest common factor of a and 35?
7
Suppose 9*r - 22 = 50. Calculate the highest common divisor of 824 and r.
8
Suppose 0 = -4*n + p + 311, -2*p + 392 = 6*n - n. Suppose -2*g - 4 = -n. Calculate the highest common factor of g and 37.
37
Let b be 12/(-9)*(-15)/2. Let t = 40 + 10. Calculate the greatest common factor of t and b.
10
Let b = 1228 + -1222. What is the greatest common divisor of b and 138?
6
Suppose 6*r - 20*r = -1792. Suppose -v + 48 + r = 0. Calculate the highest common divisor of v and 22.
22
Let t(b) = b + 6. Let y be t(-2). Let l(c) = 4*c**2 - 7*c - 3. Let u be l(y). What is the highest common factor of 363 and u?
33
Suppose -4*f = 3*a - 9, f - a - 10 = -2*f. Suppose f*d + 9 = -0*d. Let s be ((-3)/(-6))/(d/(-78)). What is the highest common divisor of s and 91?
13
Let o = 75 + -51. Calculate the highest common factor of o and 84.
12
Let u(w) = 16*w + 22. Let r be u(6). Suppose 3*b - 2*o + 10 = 359, -b = o - r. Calculate the greatest common divisor of b and 13.
13
Suppose -4*v - 2*n - 98 = -5*v, 4*v - 388 = 4*n. What is the highest common divisor of 216 and v?
24
Suppose 2*h - 531 = 11*h. Let k = 151 - h. Let l(u) = u + 21. Let m be l(0). Calculate the greatest common factor of k and m.
21
Suppose 4*q = -3*s + 1017, -6*s - 3*q = -2*s - 1363. Calculate the highest common divisor of s and 14.
7
Suppose -74 = -9*c + 547. Calculate the greatest common divisor of c and 3.
3
Let k(u) = u**2 + u + 50. Let t = 1 + 4. Suppose -n = -t*n. Let g be k(n). Calculate the greatest common divisor of g and 20.
10
Let o = 475 - 319. Suppose s = 5*z - 235, -2*s + 46 + o = 4*z. What is the highest common factor of z and 6?
6
Let z(x) = -x**2 + 10. Let q be z(-3). Let u(n) = 2*n**2 - 1 + n**2 + 9*n**2. Let c be u(1). Calculate the greatest common factor of c and q.
1
Let z = -42 - -62. Let c be -85 + 0/(-15) + (3 - -1). Let u = 89 + c. What is the greatest common factor of u and z?
4
Let h be 77/(-14) - 1/2. Let f(q) = 4*q**2 + 8*q + 4. Let k be f(h). What is the highest common factor of k and 20?
20
Suppose -2*d - 110*f = -113*f - 91, 4*f + 58 = d. Calculate the highest common factor of d and 722.
38
Let a = 493 + -470. Calculate the highest common divisor of a and 736.
23
Suppose -5*c = -0*c - r + 6, -4*c - 16 = 2*r. Let m be (68 + c)*((-2)/4)/(-1). What is the highest common divisor of m and 264?
33
Suppose 30 = 7*v + 3*v. Let d(o) = 85*o - 2. Let w be d(v). Calculate the highest common factor of w and 23.
23
Let a(b) = 2*b + 1. Let s be a(5). Let y(o) = -14*o**2 - 294*o + 33. Let d be y(-21). What is the highest common factor of s and d?
11
Let u = -653 - -813. What is the highest common divisor of u and 60?
20
Suppose l = 3*l + 18. Let y be (-4)/(-2)*l/(-6). Suppose -3*q = 9, -y*t - q - q = -33. Calculate the greatest common factor of 13 and t.
13
Let v(r) = 2*r**3 + 24*r**2 + 22*r + 28. Let o be v(-11). What is the greatest common divisor of 336 and o?
2